g**2 + 9*g + 9. Let j(v) = -2*o(v) - 5*y(v). What is the tens digit of j(-8)?
1
What is the units digit of ((-24)/(-3))/((-4)/(-6))?
2
Suppose 0 = -4*f + 4*q + 20, -4*q - 11 - 9 = 0. Suppose f = 2*v - t + 75, -135 = 2*v + 2*v + t. Let d = 50 + v. What is the units digit of d?
5
Suppose 0 = -z - d + 4, -7 + 0 = -z - 4*d. Suppose 0 = z*w + 2*w - 20. What is the units digit of w?
4
Let d(y) = -y**2 - 3*y + 2. Let f be d(-4). What is the tens digit of f/(4/(-11))*2?
1
Let u be 14/3 - 2/3. Let s = u - 1. Suppose s*f = 1 + 8. What is the units digit of f?
3
What is the units digit of (33/15)/(3/15)?
1
Let b(n) = n**2 + 5*n + 5. Suppose -l + 0 = -2. Suppose -l*a = -5*a - 12. What is the units digit of b(a)?
1
Suppose -g = -2*g + 3*p + 10, 0 = -4*g - 5*p + 6. Suppose -g*c + 61 = 5. What is the units digit of c?
4
Let b = 343 + -102. What is the tens digit of b?
4
Suppose -1 = -3*p - 106. Let t be (-10)/p - (-194)/7. Let y = t + -16. What is the tens digit of y?
1
Let h(d) = -d**2 - 10*d - 11. Let n be h(-9). Let b = n + 12. Suppose -3*j = -j - b. What is the units digit of j?
5
Let p = -16 - 0. Let u = p - -22. What is the units digit of u?
6
Suppose 4*k - 5 = w, -6 = -3*k + w - 3. Let b(z) = -z + 3*z + 2*z - 2. What is the units digit of b(k)?
6
Let f = 379 - 143. What is the hundreds digit of f?
2
Let w = -7 + 11. Suppose 0*d = w*d. Suppose -2*p - 3*p = -4*z - 18, d = -4*p - 5*z + 39. What is the units digit of p?
6
Let a(l) = l**3 + 9*l**2 + 6*l + 8. What is the tens digit of a(-8)?
2
Let o = -5 - -15. Let h(r) = -2*r + 5. Let i be h(5). Let t = i + o. What is the units digit of t?
5
Let r(i) = 5*i**2 - i + 4. What is the units digit of r(3)?
6
Suppose 0 = 3*h - h - 52. Let o = 3 + h. What is the tens digit of o?
2
Suppose -5*l + 4*k = -40 - 10, -43 = -2*l - 3*k. Suppose 5*h - l = -4. Suppose -3*y - 4*v + 18 = 0, y - 8 = -h*v - 2. What is the units digit of y?
6
Suppose -3*m = -5*m - 20. Let x = m + 21. What is the tens digit of x?
1
What is the units digit of -4 + 36 + (-5 - -1)?
8
Suppose -3*c = -14 - 7. What is the units digit of c?
7
Let d(w) = -w**3 + 7*w**2 + 23*w - 11. What is the tens digit of d(9)?
3
Suppose 0 = 2*f - 25 - 17. What is the tens digit of 14/f - 80/(-6)?
1
Let w = 0 - -2. Suppose -w*f + 18 = -2. What is the units digit of f?
0
Suppose -5*s = -20 + 5. Suppose s*n - 24 = 2*n. What is the units digit of n?
4
Let k = 33 - -8. What is the tens digit of k?
4
Let f(o) = -4*o**3 + o**2 - 2*o - 1. What is the tens digit of f(-2)?
3
Let a = -8 - -25. What is the tens digit of a + 4/(3 + -7)?
1
Suppose 4 = 5*q - 4*q. Suppose i = -q*c + 21, 5*c + 2*i - i - 25 = 0. What is the units digit of c?
4
Suppose q - 17 = r + 36, -3*r - 257 = -5*q. What is the units digit of q?
9
Suppose f - k + 1 = 0, -k + 16 = 5*f + k. What is the units digit of f?
2
What is the tens digit of ((-46)/(-8) + -4)*92?
6
Let z(s) = -s**2 + 4*s + 3. Let f be z(7). Let g be (-76)/f + (-2)/9. What is the units digit of 6/g*32/6?
8
Suppose 4*a - 157 = 3*i, -4*i = a - 3*a + 66. What is the units digit of a?
3
Let y be (0/4 + 2)*-17. Let c = 55 + y. What is the units digit of c?
1
Let v be (3/(-4))/(2/(-8)). Suppose -o = -5*t + 71, v*t + 2*o - 4 = 49. What is the units digit of t?
5
Suppose 7*d = -5*d + 3456. What is the hundreds digit of d?
2
Let l be (-1)/(-4) - (-14)/8. Let q(n) = n**2 + n. Let i be q(1). Suppose u = l*u - i. What is the units digit of u?
2
What is the units digit of (-4 - -20)*14/4?
6
Suppose 2*w + w = 456. What is the units digit of w?
2
Let u(f) = f**2 - 10*f + 14. Let t be u(10). What is the units digit of 2/7 + 150/t?
1
Let g = 27 - 22. What is the units digit of g?
5
Suppose -5*n + 19 = -81. Let r = n + -5. What is the tens digit of r?
1
Let x(d) = -3 - 1 + 2 + 5*d. Let f be x(4). What is the units digit of (f/(-5))/((-4)/10)?
9
Let m(o) = 24*o + 1. What is the units digit of m(2)?
9
Let y(v) = -v - 3*v + 5*v - 3. Let a(j) = -j**3 - 3*j**2 - 2*j + 3. Let k be a(-3). What is the units digit of y(k)?
6
Suppose -o + 5*o - 5 = -3*l, o - 15 = 2*l. Let y = o - 3. What is the units digit of y?
2
Suppose 4*t = -t. Suppose -5*a + 2*w = -9, 15 = -t*a + 3*a + 2*w. Suppose -2*f = -a - 33. What is the tens digit of f?
1
Let r(c) = c**3 - 13*c**2 + 15*c. Let x be r(12). Let t = -11 + x. What is the units digit of t?
5
Suppose 5*v + 0*o = -2*o + 8, 0 = -3*o + 12. Let d be 0*(1 + -2) - v. What is the units digit of (-3)/(d + 3) + 8?
7
Let i(j) be the first derivative of j**4/4 + 2*j**3 + 3*j**2/2 - j - 5. What is the units digit of i(-5)?
9
Suppose 0 = k - 3*b - 194, -5*k + 12*b + 996 = 10*b. What is the hundreds digit of k?
2
Let f(o) = 3*o**2 + 3*o**2 - 5*o**2 + 47 + 2*o. What is the tens digit of f(0)?
4
Let i be -2 - (-30)/((-12)/(-4)). Let y(p) = -2*p + 3*p - 2*p + 10. What is the units digit of y(i)?
2
Let z be (28/3)/(2/9). Let q = z - 22. What is the tens digit of q?
2
Let z = 11 + -8. Let p(x) = -x - z + 1 + 7*x + x**2. What is the units digit of p(-7)?
5
Let j(h) = h**3 + 11. Let k be j(0). Let x = k + -10. What is the units digit of x?
1
Suppose -8*k - 6*k = -3542. What is the tens digit of k?
5
Let b = -11 - -15. Suppose 5*i - 6 = b. What is the units digit of i?
2
Let s be 2*6*(-40)/(-8). Suppose t = -4*t + s. What is the units digit of t?
2
Let f(g) = g**3 + 17*g**2 + 20*g - 31. What is the hundreds digit of f(-14)?
2
Let b(a) = a + 2. Let u be b(-4). Let x be 0/(u - 1*-3). Suppose -2*p + 0*p + 12 = x. What is the units digit of p?
6
Let p = 72 + -44. What is the tens digit of (p - 6) + 0 + 1?
2
Let i = 9 + -11. What is the units digit of -18*i*2/12?
6
Suppose 0 = -3*u - 53 + 152. What is the units digit of u?
3
Let y = -35 + 65. Suppose y = 2*q + q. What is the tens digit of q?
1
What is the units digit of 2/3 + (-7 - (-154)/3)?
5
Suppose 17*b = b + 4048. What is the units digit of b?
3
Suppose -110 = -0*r - 2*r. Suppose 0*i + 5*i - r = 0. What is the tens digit of i?
1
Suppose 2*k + 3*k - 160 = 0. Suppose 0 = 2*g - 3*g - k. What is the units digit of g/(-18) - (-6)/27?
2
Let m be (1 - 10) + (-16 - -12). Let c = m - -17. What is the units digit of c?
4
Suppose -35 = -8*x + 3*x. What is the units digit of x?
7
Let n be -1 + 2/(-4)*-2. Let l = 8 + -3. Suppose -f + 3*z = 9, l = -n*z + z. What is the units digit of f?
6
Let u(g) = g**2 + 7*g + 1. Let q be u(-7). Let b(y) = -5*y + q + 0*y + 3*y + 3*y. What is the units digit of b(3)?
4
Let z be 3 + -2 + -4 + 4. Suppose -4*h + 107 = -z. What is the tens digit of h?
2
Let f be (4/5)/(2/5). Suppose 0 = -g + 6 - f. Suppose -5*z + 14 = -2*z - 2*s, 4*z - g*s - 24 = 0. What is the units digit of z?
2
Suppose -3*k = k + l - 17, -3*k = 4*l - 29. Suppose -k*x + d + 54 = 0, 3*d - 4*d - 18 = -x. What is the tens digit of x?
1
Suppose -3*u + 124 = -74. Suppose m + 3 + 12 = j, 3*j = -4*m + u. What is the tens digit of j?
1
Let v be 9 - ((-1 - -1) + 1). Suppose 3*d - 4 = v. Suppose 0 = q - 12 + d. What is the units digit of q?
8
Let k(z) = -2*z + 8. Let t(a) = a - 4. Let f(m) = -3*k(m) - 5*t(m). Let h be f(4). Suppose h = 2*d + 2 - 6. What is the units digit of d?
2
Let o(y) = y. Let v(n) = -7*n + 3. Let f(j) = 6*o(j) + v(j). Let g be f(-6). Suppose 3*b = 5*q - g, 2*b = q + 4*q - 11. What is the units digit of b?
2
Let f(v) = -v**3 + 4*v**2 - 4. Let c(b) = -2*b + 1. Let n be c(-1). What is the units digit of f(n)?
5
Suppose -444 = -10*k - 164. What is the units digit of k?
8
Suppose -4*r + 0*r = -56. Let l = 0 + r. What is the tens digit of l?
1
Let y = 38 + -54. Let w be (y/24)/(1/6). What is the units digit of 3/1 - (-8)/w?
1
Let t(x) = -x**2 + 9*x - 5. Let b be 11/2 - (-1)/2. What is the tens digit of t(b)?
1
Let l be (-8)/12 + (-62)/(-3). Suppose 5*w - 5*m - 12 = -2*m, 5*m + l = 3*w. Suppose w = r - 2*r + 3. What is the units digit of r?
3
Suppose g - 5*j - 43 = -10, 2*j = 3*g - 60. What is the tens digit of g?
1
Let o(x) = x**2 - 7*x. Let u be (-6)/9 - (-29)/3. What is the tens digit of o(u)?
1
Suppose 26 + 784 = 5*y. What is the hundreds digit of y?
1
Let i(o) = 3*o**2 - 1. Let w be i(1). Let j be 0/1*w/(-4). Suppose c + j*c - 3 = s, -2*s + 22 = 2*c. What is the units digit of c?
7
Let p(y) = y**3 - 2*y**2 + y - 2. Let b be p(2). Suppose l + 0*l + 11 = b. What is the tens digit of 2/l + 156/11?
1
Let y = 18